{"id":13,"date":"2023-11-10T14:37:34","date_gmt":"2023-11-10T14:37:34","guid":{"rendered":"https:\/\/surfuturo.cl\/?page_id=13"},"modified":"2024-06-03T14:39:53","modified_gmt":"2024-06-03T14:39:53","slug":"elementor-13","status":"publish","type":"page","link":"https:\/\/surfuturo.cl\/","title":{"rendered":"Inicio"},"content":{"rendered":"\t\t<div data-elementor-type=\"wp-post\" data-elementor-id=\"13\" class=\"elementor elementor-13\" data-elementor-post-type=\"page\">\n\t\t\t\t\t\t\t<div class=\"elementor-element elementor-element-c6722bd e-con-full e-flex e-con e-parent\" data-id=\"c6722bd\" data-element_type=\"container\" data-settings=\"{&quot;content_width&quot;:&quot;full&quot;,&quot;background_background&quot;:&quot;classic&quot;}\" data-core-v316-plus=\"true\">\n\t\t\t\t<div class=\"elementor-element elementor-element-b72a74e elementor-widget elementor-widget-image\" data-id=\"b72a74e\" data-element_type=\"widget\" data-widget_type=\"image.default\">\n\t\t\t\t<div class=\"elementor-widget-container\">\n\t\t\t<style>\/*! elementor - v3.17.0 - 08-11-2023 *\/\n.elementor-widget-image{text-align:center}.elementor-widget-image a{display:inline-block}.elementor-widget-image a img[src$=\".svg\"]{width:48px}.elementor-widget-image img{vertical-align:middle;display:inline-block}<\/style>\t\t\t\t\t\t\t\t\t\t\t\t<img fetchpriority=\"high\" decoding=\"async\" width=\"800\" height=\"84\" src=\"https:\/\/surfuturo.cl\/wp-content\/uploads\/2024\/06\/White-on-Transparent-1024x108.png\" class=\"attachment-large size-large wp-image-90\" alt=\"\" srcset=\"https:\/\/surfuturo.cl\/wp-content\/uploads\/2024\/06\/White-on-Transparent-1024x108.png 1024w, https:\/\/surfuturo.cl\/wp-content\/uploads\/2024\/06\/White-on-Transparent-300x32.png 300w, https:\/\/surfuturo.cl\/wp-content\/uploads\/2024\/06\/White-on-Transparent-768x81.png 768w, https:\/\/surfuturo.cl\/wp-content\/uploads\/2024\/06\/White-on-Transparent-1536x162.png 1536w, https:\/\/surfuturo.cl\/wp-content\/uploads\/2024\/06\/White-on-Transparent-2048x216.png 2048w\" sizes=\"(max-width: 800px) 100vw, 800px\" \/>\t\t\t\t\t\t\t\t\t\t\t\t\t\t\t<\/div>\n\t\t\t\t<\/div>\n\t\t\t\t<div class=\"elementor-element elementor-element-2295237 elementor-widget elementor-widget-text-editor\" data-id=\"2295237\" data-element_type=\"widget\" data-widget_type=\"text-editor.default\">\n\t\t\t\t<div class=\"elementor-widget-container\">\n\t\t\t<style>\/*! elementor - v3.17.0 - 08-11-2023 *\/\n.elementor-widget-text-editor.elementor-drop-cap-view-stacked .elementor-drop-cap{background-color:#69727d;color:#fff}.elementor-widget-text-editor.elementor-drop-cap-view-framed .elementor-drop-cap{color:#69727d;border:3px solid;background-color:transparent}.elementor-widget-text-editor:not(.elementor-drop-cap-view-default) .elementor-drop-cap{margin-top:8px}.elementor-widget-text-editor:not(.elementor-drop-cap-view-default) .elementor-drop-cap-letter{width:1em;height:1em}.elementor-widget-text-editor .elementor-drop-cap{float:left;text-align:center;line-height:1;font-size:50px}.elementor-widget-text-editor .elementor-drop-cap-letter{display:inline-block}<\/style>\t\t\t\t<p>Dise\u00f1o y desarrollo de subdivisiones rurales<\/p><p>Topograf\u00eda<\/p><p>Gesti\u00f3n Legal<\/p><p>Venta y comercializaci\u00f3n<\/p><p>Asesor\u00eda en proyectos y corretaje de campos<\/p>\t\t\t\t\t\t<\/div>\n\t\t\t\t<\/div>\n\t\t\t\t<div class=\"elementor-element elementor-element-facba58 elementor-widget__width-initial elementor-view-default elementor-widget elementor-widget-icon\" data-id=\"facba58\" data-element_type=\"widget\" data-widget_type=\"icon.default\">\n\t\t\t\t<div class=\"elementor-widget-container\">\n\t\t\t\t\t<div class=\"elementor-icon-wrapper\">\n\t\t\t<a class=\"elementor-icon\" href=\"mailto:patricioguerra@surfuturo.cl,tomaskast@surfuturo.cl?subject=Contacto%20Web&#038;body=Hola%20Patricio%20y%20Tom\u00e1s:&lt;br&gt;&lt;br&gt;Me%20interesa%20saber%20m\u00e1s%20sobre%20Sur%20Futuro.\">\n\t\t\t<i aria-hidden=\"true\" class=\"far fa-envelope\"><\/i>\t\t\t<\/a>\n\t\t<\/div>\n\t\t\t\t<\/div>\n\t\t\t\t<\/div>\n\t\t\t\t<\/div>\n\t\t\t\t\t\t\t<\/div>\n\t\t","protected":false},"excerpt":{"rendered":"<p>Dise\u00f1o y desarrollo de subdivisiones rurales Topograf\u00eda Gesti\u00f3n Legal Venta y comercializaci\u00f3n Asesor\u00eda en proyectos y corretaje de campos<\/p>\n","protected":false},"author":1,"featured_media":0,"parent":0,"menu_order":0,"comment_status":"closed","ping_status":"closed","template":"elementor_canvas","meta":{"footnotes":""},"_links":{"self":[{"href":"https:\/\/surfuturo.cl\/index.php?rest_route=\/wp\/v2\/pages\/13"}],"collection":[{"href":"https:\/\/surfuturo.cl\/index.php?rest_route=\/wp\/v2\/pages"}],"about":[{"href":"https:\/\/surfuturo.cl\/index.php?rest_route=\/wp\/v2\/types\/page"}],"author":[{"embeddable":true,"href":"https:\/\/surfuturo.cl\/index.php?rest_route=\/wp\/v2\/users\/1"}],"replies":[{"embeddable":true,"href":"https:\/\/surfuturo.cl\/index.php?rest_route=%2Fwp%2Fv2%2Fcomments&post=13"}],"version-history":[{"count":55,"href":"https:\/\/surfuturo.cl\/index.php?rest_route=\/wp\/v2\/pages\/13\/revisions"}],"predecessor-version":[{"id":93,"href":"https:\/\/surfuturo.cl\/index.php?rest_route=\/wp\/v2\/pages\/13\/revisions\/93"}],"wp:attachment":[{"href":"https:\/\/surfuturo.cl\/index.php?rest_route=%2Fwp%2Fv2%2Fmedia&parent=13"}],"curies":[{"name":"wp","href":"https:\/\/api.w.org\/{rel}","templated":true}]}}